2 is divided by 1424?
1422
Calculate the remainder when 53999 is divided by 2473.
2066
Calculate the remainder when 583 is divided by 483.
100
Calculate the remainder when 3058 is divided by 237.
214
What is the remainder when 2242 is divided by 2236?
6
Calculate the remainder when 29733 is divided by 56.
53
What is the remainder when 5338 is divided by 75?
13
What is the remainder when 57597 is divided by 45?
42
Calculate the remainder when 6968 is divided by 55.
38
What is the remainder when 477077 is divided by 5?
2
Calculate the remainder when 6472 is divided by 26.
24
What is the remainder when 403 is divided by 69?
58
What is the remainder when 45484 is divided by 44?
32
What is the remainder when 8774 is divided by 77?
73
Calculate the remainder when 6724 is divided by 39.
16
What is the remainder when 18390 is divided by 2626?
8
What is the remainder when 177678 is divided by 5379?
171
Calculate the remainder when 3933 is divided by 262.
3
Calculate the remainder when 2928 is divided by 56.
16
Calculate the remainder when 36472 is divided by 325.
72
What is the remainder when 359562 is divided by 225?
12
Calculate the remainder when 7903 is divided by 464.
15
Calculate the remainder when 80614 is divided by 23.
22
Calculate the remainder when 19919 is divided by 252.
11
Calculate the remainder when 2527 is divided by 2520.
7
What is the remainder when 6244 is divided by 488?
388
Calculate the remainder when 2202 is divided by 276.
270
What is the remainder when 7381 is divided by 176?
165
What is the remainder when 28375 is divided by 212?
179
What is the remainder when 4698 is divided by 115?
98
What is the remainder when 18222 is divided by 9109?
4
Calculate the remainder when 609935 is divided by 7921.
18
Calculate the remainder when 4302 is divided by 46.
24
What is the remainder when 223799 is divided by 263?
249
What is the remainder when 1207 is divided by 62?
29
What is the remainder when 15861 is divided by 7928?
5
What is the remainder when 50858 is divided by 16927?
77
Calculate the remainder when 937 is divided by 63.
55
What is the remainder when 40401 is divided by 17?
9
Calculate the remainder when 3306 is divided by 1626.
54
Calculate the remainder when 21309 is divided by 646.
637
What is the remainder when 53593 is divided by 91?
85
Calculate the remainder when 4334 is divided by 1311.
401
What is the remainder when 26755 is divided by 377?
365
What is the remainder when 1859 is divided by 123?
14
Calculate the remainder when 84593 is divided by 15.
8
Calculate the remainder when 4126614 is divided by 1115.
1114
What is the remainder when 7750 is divided by 86?
10
Calculate the remainder when 235240 is divided by 126.
124
What is the remainder when 5061248 is divided by 9?
8
What is the remainder when 2819 is divided by 2800?
19
Calculate the remainder when 274758 is divided by 45.
33
Calculate the remainder when 1011 is divided by 98.
31
What is the remainder when 115799 is divided by 17?
12
What is the remainder when 9790 is divided by 9535?
255
What is the remainder when 1075 is divided by 136?
123
What is the remainder when 60931 is divided by 8699?
38
Calculate the remainder when 26585 is divided by 554.
547
Calculate the remainder when 20032 is divided by 269.
126
What is the remainder when 71009 is divided by 1921?
1853
What is the remainder when 18432 is divided by 349?
284
What is the remainder when 1372 is divided by 11?
8
What is the remainder when 60 is divided by 45?
15
Calculate the remainder when 5166 is divided by 368.
14
Calculate the remainder when 27735 is divided by 2761.
125
Calculate the remainder when 48111 is divided by 16019.
54
Calculate the remainder when 969 is divided by 389.
191
Calculate the remainder when 1085143 is divided by 404.
403
Calculate the remainder when 18414 is divided by 1315.
4
Calculate the remainder when 11512 is divided by 1.
0
What is the remainder when 12777 is divided by 491?
11
What is the remainder when 7675 is divided by 196?
31
What is the remainder when 3978916 is divided by 306?
304
Calculate the remainder when 197024 is divided by 29.
27
What is the remainder when 320103 is divided by 52?
43
Calculate the remainder when 27446 is divided by 8.
6
Calculate the remainder when 9353 is divided by 277.
212
Calculate the remainder when 51378 is divided by 23.
19
Calculate the remainder when 265227 is divided by 7366.
51
Calculate the remainder when 6035 is divided by 355.
0
Calculate the remainder when 4966175 is divided by 102.
101
Calculate the remainder when 74026 is divided by 14803.
11
Calculate the remainder when 23866 is divided by 155.
151
Calculate the remainder when 1205 is divided by 1141.
64
What is the remainder when 67099 is divided by 288?
283
What is the remainder when 77995 is divided by 20?
15
What is the remainder when 721 is divided by 187?
160
What is the remainder when 7942 is divided by 1569?
97
Calculate the remainder when 105619 is divided by 191.
187
Calculate the remainder when 66683 is divided by 19.
12
What is the remainder when 1300 is divided by 413?
61
What is the remainder when 17100 is divided by 854?
20
What is the remainder when 9114 is divided by 4546?
22
Calculate the remainder when 6170 is divided by 3071.
28
What is the remainder when 5299 is divided by 164?
51
Calculate the remainder when 136434 is divided by 30.
24
Calculate the remainder when 59256 is divided by 2469.
0
What is the remainder when 3965 is divided by 9?
5
What is the remainder when 29573 is divided by 93?
92
What is the remainder when 1083170 is divided by 40117?
11
What is the remainder when 34986 is divided by 11659?
9
Calculate the remainder when 835839 is divided by 18574.
9
What is the remainder when 8990 is divided by 11?
3
Calculate the remainder when 786139 is divided by 786134.
5
What is the remainder when 44369 is divided by 1015?
724
Calculate the remainder when 82073 is divided by 245.
243
What is the remainder when 2111 is divided by 285?
116
What is the remainder when 132567 is divided by 146?
145
Calculate the remainder when 15624 is divided by 681.
642
Calculate the remainder when 22222 is divided by 10.
2
Calculate the remainder when 8926 is divided by 4456.
14
Calculate the remainder when 108937 is divided by 401.
266
Calculate the remainder when 22134 is divided by 108.
102
What is the remainder when 16035 is divided by 1012?
855
Calculate the remainder when 159792 is divided by 170.
162
What is the remainder when 80957 is divided by 11564?
9
Calculate the remainder when 703515 is divided by 10.
5
Calculate the remainder when 43846 is divided by 8765.
21
Calculate the remainder when 7146 is divided by 3570.
6
Calculate the remainder when 24519 is divided by 845.
14
Calculate the remainder when 57599 is divided by 144.
143
What is the remainder when 10813 is divided by 2396?
1229
Calculate the remainder when 44032 is divided by 771.
85
Calculate the remainder when 1932204 is divided by 1849.
1848
What is the remainder when 99266 is divided by 919?
14
Calculate the remainder when 198418 is divided by 445.
393
What is the remainder when 1589 is divided by 316?
9
Calculate the remainder when 18711 is divided by 1477.
987
What is the remainder when 792 is divided by 214?
150
What is the remainder when 1882 is divided by 371?
27
Calculate the remainder when 4407 is divided by 1454.
45
What is the remainder when 7782 is divided by 1551?
27
Calculate the remainder when 988 is divided by 323.
19
What is the remainder when 71132 is divided by 527?
514
What is the remainder when 89232 is divided by 211?
190
What is the remainder when 5283 is divided by 77?
47
What is the remainder when 38021 is divided by 172?
9
Calculate the remainder when 660 is divided by 628.
32
What is the remainder when 10791927 is divided by 1442?
1441
Calculate the remainder when 272823 is divided by 42.
33
What is the remainder when 4013 is divided by 2005?
3
What is the remainder when 1544 is divided by 243?
86
What is the remainder when 3632 is divided by 1805?
22
What is the remainder when 113556 is divided by 75?
6
What is the remainder when 7655 is divided by 151?
105
Calculate the remainder when 85451 is divided by 61.
51
Calculate the remainder when 3536 is divided